*x - 55 = x. Let c = x - -22. What is the tens digit of c?
1
Suppose n - 7 - 3 = 4*b, -4*n - 5*b = -19. What is the units digit of n?
6
What is the tens digit of 1 + 3 + (46 - 1)?
4
Let u(a) = -7*a**2 - 7. Let h(j) = 15*j**2 - j + 15. Let w(c) = 6*h(c) + 13*u(c). What is the units digit of w(-5)?
4
Let j = -19 - -9. Let k = -7 - j. What is the units digit of k?
3
Let f be -23 - ((-2 - -2) + -3). Let w = f + 38. What is the units digit of w?
8
Suppose -4*g + 15 = 2*c + c, 4*c = -g + 20. Suppose -38 - 7 = -c*j. What is the units digit of j?
9
Suppose -3 = 3*t - 9. What is the tens digit of 10*(2 + 1/t)?
2
Let j be 18*(2 + (-16)/(-6)). Suppose 5*s + 3*g - j = 4, -2*g - 83 = -5*s. Suppose -3*y + 27 = -2*i + 8, 2*y = -3*i + s. What is the units digit of y?
7
Suppose -13*s = 2*s - 270. What is the units digit of s?
8
Let i = 1 + -5. Let j = i + 7. Suppose 0 = 5*o + j*a - 42, 0*o - a + 10 = o. What is the units digit of o?
6
Let v(j) = j**3 + 5*j**2 - 8*j - 8. Let s be v(-6). Suppose s*u + 0*m = -5*m + 52, 5*u - 94 = m. Suppose u = z + z. What is the units digit of z?
9
Suppose -s - 2*s - 3 = 0, 5*c + 5*s = 105. What is the units digit of c?
2
Let w(m) = 59*m - 38. What is the tens digit of w(4)?
9
Let x = 62 - 9. What is the tens digit of x?
5
Suppose 0 = 15*a - 13*a - 86. What is the tens digit of 1/4 + a/4?
1
Let z = -24 - -34. Let c(k) = k**3 - 9*k**2 - 9*k + 5. What is the units digit of c(z)?
5
Suppose -46 = -4*w + 2*m, 27 = -2*w - 5*m + 68. What is the units digit of w?
3
Let l be (-25)/(-2)*(-28)/(-5). Suppose -5*g = 2*p - 31, -3*g = 5*p + 2*g - l. What is the units digit of p?
3
Let f be 1/(1 + 45/(-48)). Suppose -4*s + f = 3*i - 4*i, 4*s - 16 = -2*i. What is the units digit of s?
4
Let q = -14 - -21. Suppose 0 = q*x - 6*x. Let o = 5 - x. What is the units digit of o?
5
Let u(i) = -i**3 - 5*i**2 + 2*i + 7. Let f be u(-5). Let c = f - -5. Suppose c*g - g = 9. What is the units digit of g?
9
Suppose -z = -v + 4, -v + 10 = -0*v + 5*z. Suppose -14 = -v*s + 141. What is the units digit of s/4 - (-2)/8?
8
Let s(i) = 9*i - 1. What is the tens digit of s(4)?
3
What is the tens digit of (-5)/1*(4 - 31)?
3
Let l(v) = v + 4. What is the units digit of l(0)?
4
Let j(o) = -9*o + 39. What is the tens digit of j(-6)?
9
Let o(d) = d**3 - 5*d**2 + 5*d - 8. What is the tens digit of o(5)?
1
Let f(h) = 3*h - 8. Suppose 2*i = -4 + 22. What is the tens digit of f(i)?
1
Suppose 3*o = 3 + 3. Suppose -2*g + 1 + 9 = -o*y, 3*y + g = 1. What is the units digit of (3 + -2)/(y/(-7))?
7
Suppose 98 = 2*j - 288. What is the tens digit of j?
9
Let h(w) = -w**3 + 3*w**2 + w + 5. Let i be h(4). Let k = 2 - i. What is the units digit of k?
9
Suppose 0 = -2*u - 3*k + 556, 0*u - 3*u - 2*k = -824. What is the tens digit of u?
7
Let n(t) = 3*t**2 - t. Let b be n(-1). Suppose 3*r = r + b*l + 6, -3*l = -5*r + 15. Suppose -9 = -a - r. What is the units digit of a?
6
Suppose -4*s + 0*s + 16 = 0. Suppose -14 = -s*o - 0*n - n, -3*o = 3*n - 15. What is the units digit of o?
3
Let x(y) = -y**3 + 9*y**2 + 6*y - 10. What is the units digit of x(7)?
0
Suppose -1126 = 5*i + 4*b, -b = -2*i - 3*b - 452. Let x be (-4)/18 + i/(-27). What is the units digit of ((-30)/x)/((-8)/32)?
5
Suppose 5*k - 50 = 2*y - 7*y, -y - 3*k = 0. Let j = 11 - y. Let q = 4 - j. What is the units digit of q?
8
Let s be (2 - (-6)/(-3)) + 4. Let r be -3*(s/6 - 0). What is the units digit of 9*r/6*-3?
9
Suppose -5*n = -10*n - 15. Let v = n + 4. What is the units digit of v?
1
Let f(t) = t**3 - 7*t**2 - 3*t + 7. Let l be 2 + -3 + (8 - 0). Let k be f(l). What is the units digit of (k/(-6))/(1/3)?
7
Let c be 9/((15/2)/5). What is the units digit of (-1 + c)*(-4)/(-2)?
0
Suppose -p - 2 = -n - 1, -3*n + 15 = p. What is the units digit of n?
4
Let f = 5 - 7. What is the units digit of f/(2 + (-18)/8)?
8
Let a be ((-3)/(-2))/(9/48). Let v = a + -2. What is the units digit of v?
6
Let g = 95 + -59. Suppose -3*b = -t - b + 7, -3*t + b + g = 0. What is the tens digit of t?
1
Let g(w) = w**3 + 7*w**2 + 6*w - 7. Let b be g(-5). What is the tens digit of b + ((-4)/2)/(-1)?
1
Suppose 2*k - 16 = 46. What is the tens digit of k?
3
Suppose 2*o - 12 = -2. Let a = 6 - o. Suppose 2*y - 7 = -a. What is the units digit of y?
3
Suppose 2*a - a = 5*d + 21, -5*a + 2*d = -13. What is the units digit of (-3)/a + 5 - -2?
4
Let a(c) = 2*c + 4. Suppose 80 = 3*k + 2*d, 0 = -3*k - 2*k + 5*d + 175. Suppose 3*i + 3*h - k = -i, -2 = -h. What is the units digit of a(i)?
6
Let b = -28 + 35. Let k(y) = y**2 - 7*y + 9. What is the units digit of k(b)?
9
Let w(y) = -2*y - 9. Let v be w(-9). Let h be -15*((-12)/v)/4. Suppose 0 = -h*z + 3*z + 12. What is the units digit of z?
6
Let u(g) = g**2 + 2*g + 3. Suppose -24 = -2*w - w. Suppose h = 5*h + w. What is the units digit of u(h)?
3
Let l be 2/5 + 2096/(-40). Let a = 105 + l. Suppose -4*m = -5*s - 0*m + a, 0 = 4*m - 12. What is the units digit of s?
3
Suppose 5*m - 495 = -0*m. Suppose 4*y = 0, -3*x + m = 4*y - 3*y. What is the units digit of x?
3
Let b = 160 + 19. What is the hundreds digit of b?
1
What is the tens digit of (-536)/(-18) + (-2)/(-9)?
3
Suppose a = -4*a + 10. Suppose 0 = t + 3*t - 72. Suppose -c - a*c = -t. What is the units digit of c?
6
Let k be (-8)/3*(-45)/10. Let w = -2 - -1. Let v = k + w. What is the units digit of v?
1
Let p = 200 + -47. What is the units digit of p?
3
Let y = 12 - 18. Let m = 14 + y. What is the units digit of m?
8
Let l(n) = -n**2 - 5*n - 2. Let i be l(-3). Suppose -11 = -i*b + 3*b. What is the tens digit of b?
1
Let b = -5 + 8. Suppose b*i - 6*i + 33 = 0. What is the tens digit of i?
1
Let h(n) = n**2 + 5*n + 2. Let i be h(-7). Let u = i - 11. Let a = u - -1. What is the units digit of a?
6
Let a = 26 + -12. Let l be a/(-3) + 2/(-6). Let g(h) = h**3 + 4*h**2 - 5*h + 1. What is the units digit of g(l)?
1
What is the tens digit of 6/2*(-213)/(-9)?
7
Suppose -2*l + 1 = -3. Suppose 0 = l*f + 2*i, 9 - 41 = -5*f + 3*i. Let u = 1 + f. What is the units digit of u?
5
Let m = 0 + 23. What is the units digit of m?
3
Let h be 4/(16/28) + -4. Suppose -5*j = 3*k + 7 - 36, 0 = h*j + 6. What is the units digit of k?
3
What is the tens digit of (-10)/((-10)/(-4) + 9/(-3))?
2
Suppose -4*x + 31 = -4*w + 3, 4*x + 32 = -2*w. Let n = 0 - w. Suppose 5*g + 0*g = n. What is the units digit of g?
2
Let w = -16 - -60. Suppose 4*z = -2*c + 120, 3*c + w = -3*z + 4*z. Suppose 3*b = z - 8. What is the units digit of b?
8
Let y be 3/(-5) - 297/5. Let h = -32 - y. What is the units digit of h?
8
What is the tens digit of (-3)/21 + 464/14?
3
Let l(s) = -1 + 1 + s + 0*s**3 + s**3 - 3*s**2. What is the units digit of l(3)?
3
Suppose -j + 3 + 26 = -2*w, 4*j = -4*w + 80. Let x be 0 + 1/1 + -1. Suppose -5*q - 3 + j = x. What is the units digit of q?
4
Suppose -3*b = -8*b + 10. Let m(n) = 2*n**2 + 2*n - 1. What is the tens digit of m(b)?
1
Let u = 25 + -31. Let j = u - -11. What is the units digit of j?
5
Let m be (-2 - -2)/3 - -3. Suppose -m*j = 4*x - 26, 3*x - 3*j - 9 = -0*j. Suppose 13 - x = k. What is the units digit of k?
8
Let l be -2 - (-5 - (1 - 1)). Let u be (-1 - l)/(1 - 2). Let r = u + 4. What is the units digit of r?
8
Let h(j) = -j**2 + 16*j + 9. What is the tens digit of h(12)?
5
Let b be (-9)/27*9*-1. Let t = b + 1. What is the units digit of t?
4
Let a = 83 - 30. What is the units digit of a?
3
Let a(j) = -5*j - 20. What is the tens digit of a(-12)?
4
Suppose -4*y + 2 + 6 = 0. Suppose -i + y + 1 = 0. Suppose -2*z - 3*p + 19 = -0*z, -i*p + 21 = 3*z. What is the units digit of z?
2
Suppose 0 = 4*k + r + 1 + 19, 4*r = -5*k - 14. What is the units digit of 410/25*(-15)/k?
1
Let x(h) = -h**3 - 3*h**2 + 3*h - 1. Let s be x(-4). Suppose -10 = s*i + 5. Let o(c) = c**2 + 2*c - 5. What is the units digit of o(i)?
0
Suppose 0 = 5*k - 8*k - 57. Let b = 8 + k. Let s = 21 + b. What is the units digit of s?
0
Let l = 7 + -11. Let z = -6 - l. What is the units digit of z + 3 + (3 - 1)?
3
What is the tens digit of 880/(-40)*(-4)/1?
8
Let p(b) = 7*b + 9. Let o(i) = -4*i - 4. Let h(w) = 5*o(w) + 2*p(w). What is the units digit of h(-4)?
2
Let a(g) = 4 + 1 - 2 + g**2 + 4*g + 1. Let x(d) = d**2 + 6*d + 3. Let c be x(-4). What is the units digit of a(c)?
9
Let g(y) = -y**2 - 9*y - 1. Let b be g(-9). Let a(n) be